greatest common divisor of 3249878 and 263438.
1214
What is the highest common divisor of 99 and 55497303?
9
What is the greatest common divisor of 360954194 and 438?
146
Calculate the greatest common divisor of 138628870 and 4170.
1390
Calculate the highest common factor of 72086 and 4401502.
266
Calculate the highest common factor of 64351 and 117924.
317
Calculate the greatest common factor of 55354374 and 54.
54
Calculate the highest common factor of 8635 and 31458090.
785
What is the highest common divisor of 33649552 and 488?
488
What is the greatest common divisor of 549904 and 272?
16
What is the greatest common factor of 191678 and 32080?
802
Calculate the greatest common divisor of 20723853 and 2877.
411
Calculate the greatest common factor of 40 and 133918120.
40
Calculate the greatest common divisor of 414072057 and 634.
317
What is the greatest common divisor of 31054380 and 135?
15
Calculate the highest common factor of 409465162 and 1369.
1369
Calculate the greatest common divisor of 891910 and 41870.
790
Calculate the greatest common factor of 935 and 67141415.
935
Calculate the highest common factor of 28008216 and 18.
18
Calculate the highest common divisor of 13495350 and 25.
25
What is the greatest common factor of 11 and 78440043?
11
Calculate the highest common divisor of 38164250 and 750.
250
Calculate the highest common divisor of 550 and 2573318.
22
Calculate the highest common divisor of 23471 and 7696093.
479
What is the greatest common divisor of 68346 and 624?
6
What is the greatest common divisor of 30 and 17562130?
10
What is the greatest common factor of 3276268 and 178?
178
What is the highest common divisor of 1268 and 137108?
4
What is the highest common divisor of 288524 and 8364?
68
Calculate the greatest common factor of 79392 and 550176.
96
Calculate the greatest common factor of 187500352 and 3744.
416
What is the greatest common factor of 4856598 and 5832?
1458
Calculate the highest common factor of 41751774 and 18.
18
What is the highest common divisor of 40167305 and 75?
5
Calculate the highest common divisor of 16004547 and 702.
351
Calculate the highest common factor of 5005 and 1077349.
91
Calculate the highest common factor of 173 and 918179681.
173
Calculate the greatest common divisor of 1682 and 87458113.
841
Calculate the greatest common factor of 3904 and 58461485.
61
Calculate the highest common factor of 119752515 and 2495.
2495
Calculate the highest common divisor of 73831 and 3078581.
1717
Calculate the highest common divisor of 2761 and 372548.
11
What is the greatest common divisor of 269445966 and 207?
69
Calculate the greatest common divisor of 2672 and 3915148.
668
Calculate the greatest common factor of 1362899 and 110727.
1367
What is the highest common factor of 736854468 and 84?
84
What is the greatest common factor of 3968172 and 259374?
834
What is the highest common factor of 21 and 211563849?
21
Calculate the highest common factor of 57141918 and 450.
18
Calculate the highest common divisor of 1224 and 212092.
68
Calculate the highest common factor of 19346096 and 20746.
902
What is the greatest common factor of 14 and 3883010586?
14
What is the greatest common factor of 4286150 and 1925?
275
What is the greatest common divisor of 366128 and 2534672?
784
Calculate the highest common divisor of 3645092 and 4588.
148
Calculate the greatest common divisor of 795482 and 6806.
82
Calculate the highest common factor of 147 and 6464451.
21
Calculate the highest common divisor of 171314 and 1021306.
286
What is the highest common factor of 8304177 and 153?
51
Calculate the highest common factor of 7518125 and 20125.
2875
Calculate the greatest common factor of 1932 and 4400636.
92
What is the greatest common divisor of 5484 and 2381884?
1828
Calculate the highest common factor of 8 and 17322324.
4
Calculate the highest common factor of 1076258 and 5084.
62
Calculate the highest common factor of 2888144 and 285344.
3856
Calculate the highest common factor of 238670 and 1655900.
290
Calculate the highest common factor of 10692 and 8430444.
396
What is the highest common factor of 16 and 2441889328?
16
Calculate the greatest common divisor of 18226551 and 5229.
1743
Calculate the highest common factor of 1471803 and 2667.
381
Calculate the greatest common divisor of 1159 and 31643873.
19
Calculate the highest common divisor of 326 and 15092333.
163
Calculate the highest common divisor of 1368 and 13774563.
171
What is the greatest common divisor of 165 and 20603?
11
What is the greatest common divisor of 137866860 and 11340?
1620
Calculate the highest common factor of 24 and 1094579964.
12
Calculate the highest common divisor of 32 and 2955552.
32
Calculate the highest common divisor of 10164 and 738892.
308
What is the highest common factor of 164447171 and 21?
7
Calculate the highest common divisor of 2000754546 and 126.
42
Calculate the highest common factor of 57445888 and 512.
512
Calculate the greatest common factor of 12978 and 49014.
126
Calculate the greatest common factor of 2033328 and 16.
16
What is the highest common divisor of 37 and 1473747814?
37
What is the greatest common factor of 1062 and 2594702?
118
Calculate the greatest common divisor of 48168 and 22367792.
1784
What is the highest common factor of 961 and 548235?
31
Calculate the greatest common factor of 2961777 and 1911.
273
Calculate the greatest common divisor of 141367834 and 274.
274
Calculate the greatest common divisor of 25094844 and 72.
36
What is the greatest common factor of 2803 and 640819057?
2803
Calculate the highest common factor of 4624919 and 416.
13
Calculate the highest common factor of 1182 and 1719022.
394
What is the greatest common divisor of 79756432 and 39514?
1718
Calculate the highest common factor of 1584969 and 5246933.
4033
Calculate the greatest common divisor of 10540 and 375565.
155
Calculate the highest common divisor of 6754 and 75064.
22
What is the greatest common factor of 262674634 and 1002?
334
What is the greatest common factor of 115 and 1207530?
5
What is the highest common factor of 10114818 and 2100?
42
Calculate the greatest common divisor of 341232075 and 225.
225
Calculate the highest common divisor of 19374 and 865213779.
9687
Calculate the greatest common factor of 182684 and 1086886.
838
Calculate the greatest common divisor of 250814733 and 66904.
8363
What is the greatest common factor of 228126 and 3300300?
1158
What is the greatest common divisor of 20489411 and 252089?
3191
Calculate the highest common divisor of 360 and 6855525.
45
Calculate the greatest common divisor of 262796893 and 1877.
1877
What is the greatest common divisor of 408 and 2815251?
51
What is the greatest common divisor of 1011356 and 82340?
92
What is the greatest common factor of 258207309 and 1773?
1773
What is the highest common divisor of 847312 and 11568?
16
Calculate the highest common divisor of 9820 and 2425420.
20
Calculate the highest common divisor of 12725 and 126200.
25
Calculate the highest common factor of 34308 and 26352.
36
What is the highest common divisor of 41622 and 1098594?
42
Calculate the greatest common factor of 52472 and 17318.
14
What is the highest common divisor of 2566531 and 2057?
121
Calculate the greatest common factor of 8865428 and 1210.
242
What is the highest common divisor of 90430568 and 8?
8
Calculate the greatest common divisor of 68357 and 395488.
17
What is the greatest common factor of 16 and 33827888?
16
What is the highest common factor of 55 and 988977?
11
Calculate the highest common divisor of 44 and 6265732.
44
Calculate the highest common divisor of 805 and 83514655.
35
What is the greatest common divisor of 696 and 212505156?
348
What is the greatest common factor of 1572 and 24235131?
393
What is the greatest common factor of 288 and 13481824?
32
What is the greatest common divisor of 3641660 and 682?
22
Calculate the highest common divisor of 5263464 and 96.
24
Calculate the greatest common divisor of 663850 and 47570.
710
What is the highest common factor of 391940 and 40?
20
Calculate the highest common factor of 24 and 86664280.
8
Calculate the highest common factor of 66951625 and 8125.
1625
Calculate the greatest commo